or of w and m.
8
Let p be (5 + -2)/(-27) + ((-249844)/(-36) - -28). Calculate the highest common factor of p and 13.
13
Let j be -3 + 3/((-3)/(-25)). Suppose 311 = 4*u - l, 5*l - 62 = -14*u + 13*u. Calculate the greatest common factor of j and u.
11
Let y(w) = 2*w**2 - 8*w + 29. Let r(j) = j**2 - 7*j + 31. Let v(p) = 3*r(p) - 2*y(p). Let t be v(-8). Calculate the greatest common factor of 583 and t.
11
Let d(i) = i**3 - 32*i**2 - 104*i - 19. Let k be d(35). Let p = 154 + -105. Let q = p + -33. Calculate the highest common divisor of q and k.
16
Let d be 1/(-2) - 1/4*-54. Let t(y) be the first derivative of 5*y**3/3 + 11*y**2/2 + 3*y + 55. Let r be t(-4). What is the highest common divisor of r and d?
13
Let k be 2 + -2*(-6)/(-12) + -5. Let n be 7 - -215 - -2 - k. What is the greatest common factor of 48 and n?
12
Let n(r) = -98*r + 692. Let w be n(6). What is the greatest common factor of 256 and w?
8
Let j(v) = 88*v + 5472. Let o be j(-62). Suppose 0 = 3*m + 3, a = 3*m - 2*m + 3. Calculate the greatest common divisor of a and o.
2
Let l = -252 + 743. Suppose l = 2*x + 463. Calculate the greatest common factor of x and 350.
14
Let u(c) = -6*c**3 - 4*c**2 + 2*c + 6. Let v be u(-3). Let a be v/(-1197) + 2018/38. Calculate the highest common divisor of a and 848.
53
Suppose -20*w + 135 = 7*w. Suppose w*j = 69 + 31. Calculate the greatest common divisor of 35 and j.
5
Let f = -20635 - -24376. Calculate the greatest common divisor of f and 645.
129
Let p be (54/6)/36*10156. Suppose -30*t + p = -221. Calculate the greatest common divisor of 8 and t.
4
Suppose -161*g = -163*g - 18. Let w(n) = n**3 + 11*n**2 + 18*n + 16. Let s be w(g). What is the greatest common divisor of 1 and s?
1
Let i be (-62*(2 + -4)/16)/((-403)/(-6448)). Calculate the highest common factor of i and 1271.
31
Let y(r) be the first derivative of r**4/4 + 7*r**3/3 + 5*r**2/2 + 1. Let s = 4160 + -4165. Let d be y(s). Calculate the highest common factor of 75 and d.
25
Let s be 2/(-9*(-8)/58752). Suppose -12*b + s = -1368. What is the greatest common factor of b and 100?
50
Let j(q) = -2*q**3 + q + 2. Let p be j(-1). Let z be (-96)/60*((-30)/4 - 0). Let w be (-216)/p*3/z*-2. What is the greatest common factor of 4 and w?
4
Suppose 3*f + 2*k - 21 = -0*f, -5*k = 4*f - 35. Suppose -f*y + 10 = 0, 4*y - 233 = -2*s - 3*s. What is the greatest common factor of s and 5?
5
Let k = -37223 - -37277. What is the greatest common factor of k and 135?
27
Let o be (-2 + 14/6)/((-17)/(-153)). Suppose 0*z + 10 = 2*z. Let u be o/z - 14*8/(-5). Calculate the highest common divisor of 253 and u.
23
Let s be (442/85)/(-26)*-1280. Let x(t) = 3*t**2 - 4*t. Let z be x(-4). Calculate the highest common divisor of z and s.
64
Let b = -6151 + 6313. What is the greatest common divisor of 1782 and b?
162
Let r be -9 - (3 + -11 + 10)*-360. What is the greatest common factor of r and 1264?
79
Let j = -29 - -36. Suppose -1890 = -5*b + 4*p, -4*p - 13 = j. What is the greatest common factor of 22 and b?
22
Let p(b) = b**3 - 3*b**2 - 4*b + 2. Let l = 0 - -4. Let o be p(l). Suppose -71*u = -35*u - 37*u + 2. Calculate the greatest common factor of u and o.
2
Let w = -2 - -6. Suppose 5*m = w*m + 253. Suppose -3*v = 3*i - 75, 2*i = -v - 0*v + 48. Calculate the highest common factor of i and m.
23
Let g be -6*(3 + (-10)/6). Let h be (-16 + 0)*44/g. Let k be 178/22 - 16/176. What is the highest common factor of h and k?
8
Suppose 427 = q + 3*f, 712*q - 714*q + f + 805 = 0. Let g = 67 + -39. Calculate the highest common divisor of q and g.
14
Let v be 18/(-36)*2/(-6)*0. Suppose -s + 88 - 24 = j, -5*s + 5 = v. What is the highest common factor of 693 and j?
63
Let l(i) = -4*i + 161. Let k(h) = h**3 + 5*h**2 - 12*h - 8. Let u be k(-6). Let x be l(u). What is the greatest common factor of 1 and x?
1
Suppose 5*j - 10 = 5, -4*l = 4*j - 1692. Calculate the highest common factor of l and 140.
140
Suppose -99*a - 3*a = 2*a - 81432. Calculate the greatest common divisor of a and 27.
27
Let d(b) = 27*b**3 - 6*b**2 - 14*b - 37. Let h be d(6). What is the greatest common divisor of h and 35?
35
Let a = 1713 - 1635. What is the highest common divisor of a and 754?
26
Suppose -62*p - 336 = -68*p. Let g be 2/(((-11)/p)/(-11)). Calculate the greatest common factor of 32 and g.
16
Let s be 8/(16/(-52)*(-2)/4). Suppose -2*u = -x - 4*u - 12, -5*x - 2*u - s = 0. Let d be 30/9*(-12)/x. Calculate the highest common divisor of 4 and d.
4
Let b = 401 + -394. Let x(q) = -q**2 + 20*q - 19. Let m be x(b). What is the highest common factor of 32 and m?
8
Let a be 26/(-364)*21*(-1)/((-2)/(-1140)). What is the highest common divisor of 135 and a?
45
Let y = 33057 - 33004. Calculate the greatest common factor of 17331 and y.
53
Let u(v) be the third derivative of -v**5/60 - 25*v**4/24 - 52*v**3/3 - 201*v**2. Let k be u(-11). What is the highest common divisor of 575 and k?
25
Let b(n) = -n**2 - 24*n - 65. Let q be ((-336)/36)/(6/9). Let o be b(q). Calculate the greatest common divisor of 60 and o.
15
Suppose 0*m - 35 = 5*m. Suppose 0 = -5*r + 4*i, 3*i = 3*r + 8*i. Let b be m + (r - -3) + 22. What is the greatest common factor of 18 and b?
18
Let c(j) = j**2 - 12*j + 9. Let l be c(9). Let h be (-6)/l*39 - 0. Calculate the highest common divisor of 104 and h.
13
Let f(o) = -10*o - 260. Let g be f(-25). Let x(q) = -102*q - 82. Let u be x(g). Calculate the greatest common divisor of u and 67.
67
Let j(w) = -2*w**2 - 27*w + 29. Let d be j(-15). Let o be 24/(-16)*d/12. Calculate the highest common divisor of o and 18.
2
Suppose -5*p + p + 5443 = 3*z, -3*p = 3*z - 4083. Let x be ((-2)/(-4) + 0)/((-226)/(-38420)). Calculate the highest common factor of p and x.
85
Let l be (261/(-6))/(3/(-8))*1. Let h be (l + -14)*(0 + 1). Suppose -5*g + 2*v + h = 0, 2*v = -4*g - v + 77. What is the highest common divisor of g and 20?
20
Let h(z) = 5*z + 18. Let b be h(-3). Suppose -t = -5*x + x + 1143, -b*t - 1141 = -4*x. What is the highest common factor of 13 and x?
13
Let d(g) = 2926*g**2 - 60*g - 65. Let t be d(-1). Calculate the greatest common factor of t and 1524.
127
Suppose -82*l + 53760 = -72*l. Calculate the highest common factor of l and 48.
48
Let m(s) = 4*s**2 - 2*s - 17. Let y be m(-4). Let j = 57 - y. Calculate the greatest common factor of 218 and j.
2
Let w = 138 + -82. Let s be (1*-2 + 0)*(552/24 + -31). Calculate the greatest common factor of w and s.
8
Suppose -13440*s + 441 = -13433*s. Let j = 60 - 22. Let i = 74 - j. Calculate the highest common factor of s and i.
9
Let b be -8*2*(-141)/8 + 1. Let m = -239 + b. Calculate the highest common factor of m and 55.
11
Let l be (-2)/(-3)*15/2. Let n = 201339 + -201074. What is the highest common divisor of l and n?
5
Suppose 16*g + 64*g = 78800. Calculate the greatest common factor of 10 and g.
5
Let b = 297 - 37. Calculate the highest common divisor of 280 and b.
20
Suppose -29*o = -48*o + 1216. Suppose 7*x + 4*q - 27 = 6*x, 3*q - o = -2*x. What is the greatest common divisor of x and 30?
5
Let g(f) = -13*f**2 + 1199*f - 45. Let d be g(92). What is the highest common divisor of d and 5390?
77
Let z(r) = -r**3 - 9*r**2 - 17*r - 3. Let u be z(-9). Let x = 162 - u. What is the greatest common factor of 8 and x?
4
Let y be 2/(-16)*-90 + 13 + (-848)/64. What is the highest common factor of y and 5731?
11
Let i(d) = -33*d**3 - 17*d**2 - 65*d - 13. Let p be i(-3). Calculate the highest common factor of p and 4370.
230
Let d(y) = 7*y - 57. Let l be d(9). What is the highest common factor of 318 and l?
6
Let a(w) = w**2 + 129*w + 4536. Let f be a(-48). What is the highest common factor of 104 and f?
8
Suppose 2*f = -6 + 32. Let d(i) = -i**2 - 222 - 15*i - 7*i + 61*i. Let j be d(31). Calculate the greatest common factor of j and f.
13
Let w be (-247 + 118)/(3 - 6). Calculate the greatest common divisor of 13502 and w.
43
Let k(w) be the third derivative of 47*w**5/12 - w**4/12 + w**3/6 - 3*w**2 - 8*w. Let y be k(1). Calculate the highest common factor of 26 and y.
26
Suppose -5*q + 19 = 4*k - 3, k + 3*q = 9. Suppose 2*o - 3*b - 543 = 0, 4*b - 2*b = k*o - 802. What is the greatest common factor of 24 and o?
24
Let k be (-2)/(2 - (-6)/(-9)) + 13090/44. Calculate the highest common factor of k and 111.
37
Let m(q) = 31*